[INFO] cloning repository https://github.com/MrCHB1/UniMIDI-in-Rust
[INFO] running `Command { std: "git" "-c" "credential.helper=" "-c" "credential.helper=/workspace/cargo-home/bin/git-credential-null" "clone" "--bare" "https://github.com/MrCHB1/UniMIDI-in-Rust" "/workspace/cache/git-repos/https%3A%2F%2Fgithub.com%2FMrCHB1%2FUniMIDI-in-Rust", kill_on_drop: false }`
[INFO] [stderr] Cloning into bare repository '/workspace/cache/git-repos/https%3A%2F%2Fgithub.com%2FMrCHB1%2FUniMIDI-in-Rust'...
[INFO] running `Command { std: "git" "rev-parse" "HEAD", kill_on_drop: false }`
[INFO] [stdout] dc6d86b17327726019fa8808312bd07b25d5d63a
[INFO] checking MrCHB1/UniMIDI-in-Rust against master#e6e4f7ed1589e03bc2f6c5931c1a72e7947e8682 for beta-170-4
[INFO] running `Command { std: "git" "clone" "/workspace/cache/git-repos/https%3A%2F%2Fgithub.com%2FMrCHB1%2FUniMIDI-in-Rust" "/workspace/builds/worker-5-tc2/source", kill_on_drop: false }`
[INFO] [stderr] Cloning into '/workspace/builds/worker-5-tc2/source'...
[INFO] [stderr] done.
[INFO] validating manifest of git repo https://github.com/MrCHB1/UniMIDI-in-Rust on toolchain e6e4f7ed1589e03bc2f6c5931c1a72e7947e8682
[INFO] running `Command { std: CARGO_HOME="/workspace/cargo-home" RUSTUP_HOME="/workspace/rustup-home" "/workspace/cargo-home/bin/cargo" "+e6e4f7ed1589e03bc2f6c5931c1a72e7947e8682" "metadata" "--manifest-path" "Cargo.toml" "--no-deps", kill_on_drop: false }`
[INFO] started tweaking git repo https://github.com/MrCHB1/UniMIDI-in-Rust
[INFO] finished tweaking git repo https://github.com/MrCHB1/UniMIDI-in-Rust
[INFO] tweaked toml for git repo https://github.com/MrCHB1/UniMIDI-in-Rust written to /workspace/builds/worker-5-tc2/source/Cargo.toml
[INFO] crate git repo https://github.com/MrCHB1/UniMIDI-in-Rust already has a lockfile, it will not be regenerated
[INFO] running `Command { std: CARGO_HOME="/workspace/cargo-home" RUSTUP_HOME="/workspace/rustup-home" "/workspace/cargo-home/bin/cargo" "+e6e4f7ed1589e03bc2f6c5931c1a72e7947e8682" "fetch" "--manifest-path" "Cargo.toml", kill_on_drop: false }`
[INFO] [stderr]     Updating crates.io index
[INFO] running `Command { std: "docker" "create" "-v" "/var/lib/crater-agent-workspace/builds/worker-5-tc2/target:/opt/rustwide/target:rw,Z" "-v" "/var/lib/crater-agent-workspace/builds/worker-5-tc2/source:/opt/rustwide/workdir:ro,Z" "-v" "/var/lib/crater-agent-workspace/cargo-home:/opt/rustwide/cargo-home:ro,Z" "-v" "/var/lib/crater-agent-workspace/rustup-home:/opt/rustwide/rustup-home:ro,Z" "-e" "SOURCE_DIR=/opt/rustwide/workdir" "-e" "CARGO_TARGET_DIR=/opt/rustwide/target" "-e" "CARGO_HOME=/opt/rustwide/cargo-home" "-e" "RUSTUP_HOME=/opt/rustwide/rustup-home" "-w" "/opt/rustwide/workdir" "-m" "1610612736" "--user" "0:0" "--network" "none" "ghcr.io/rust-lang/crates-build-env/linux@sha256:19e73879b68f455e41552ea35293514db52ea292d993f571636dbffedb77a1ee" "/opt/rustwide/cargo-home/bin/cargo" "+e6e4f7ed1589e03bc2f6c5931c1a72e7947e8682" "metadata" "--no-deps" "--format-version=1", kill_on_drop: false }`
[INFO] [stdout] 2282367cebeb49c8be56be8f07f676077d0ae24a044219afe03d19fd3b60298d
[INFO] running `Command { std: "docker" "start" "-a" "2282367cebeb49c8be56be8f07f676077d0ae24a044219afe03d19fd3b60298d", kill_on_drop: false }`
[INFO] running `Command { std: "docker" "inspect" "2282367cebeb49c8be56be8f07f676077d0ae24a044219afe03d19fd3b60298d", kill_on_drop: false }`
[INFO] running `Command { std: "docker" "rm" "-f" "2282367cebeb49c8be56be8f07f676077d0ae24a044219afe03d19fd3b60298d", kill_on_drop: false }`
[INFO] [stdout] 2282367cebeb49c8be56be8f07f676077d0ae24a044219afe03d19fd3b60298d
[INFO] running `Command { std: "docker" "create" "-v" "/var/lib/crater-agent-workspace/builds/worker-5-tc2/target:/opt/rustwide/target:rw,Z" "-v" "/var/lib/crater-agent-workspace/builds/worker-5-tc2/source:/opt/rustwide/workdir:ro,Z" "-v" "/var/lib/crater-agent-workspace/cargo-home:/opt/rustwide/cargo-home:ro,Z" "-v" "/var/lib/crater-agent-workspace/rustup-home:/opt/rustwide/rustup-home:ro,Z" "-e" "SOURCE_DIR=/opt/rustwide/workdir" "-e" "CARGO_TARGET_DIR=/opt/rustwide/target" "-e" "CARGO_INCREMENTAL=0" "-e" "RUST_BACKTRACE=full" "-e" "RUSTFLAGS=--cap-lints=forbid" "-e" "RUSTDOCFLAGS=--cap-lints=forbid" "-e" "CARGO_HOME=/opt/rustwide/cargo-home" "-e" "RUSTUP_HOME=/opt/rustwide/rustup-home" "-w" "/opt/rustwide/workdir" "-m" "1610612736" "--user" "0:0" "--network" "none" "ghcr.io/rust-lang/crates-build-env/linux@sha256:19e73879b68f455e41552ea35293514db52ea292d993f571636dbffedb77a1ee" "/opt/rustwide/cargo-home/bin/cargo" "+e6e4f7ed1589e03bc2f6c5931c1a72e7947e8682" "check" "--frozen" "--all" "--all-targets" "--message-format=json", kill_on_drop: false }`
[INFO] [stdout] 648cb3c5cd795a4a7128bc7ca7927707b427868d5381b22422ea1e8d4c8531cc
[INFO] running `Command { std: "docker" "start" "-a" "648cb3c5cd795a4a7128bc7ca7927707b427868d5381b22422ea1e8d4c8531cc", kill_on_drop: false }`
[INFO] [stderr]    Compiling libc v0.2.101
[INFO] [stderr]    Compiling proc-macro2 v1.0.29
[INFO] [stderr]    Compiling num-integer v0.1.44
[INFO] [stderr]    Compiling proc-macro-error-attr v1.0.4
[INFO] [stderr]    Compiling slab v0.4.8
[INFO] [stderr]     Checking rustc-serialize v0.3.24
[INFO] [stderr]    Compiling log v0.4.18
[INFO] [stderr]    Compiling proc-macro-error v1.0.4
[INFO] [stderr]    Compiling num-iter v0.1.42
[INFO] [stderr]    Compiling crossbeam-utils v0.8.5
[INFO] [stderr]    Compiling winapi v0.3.9
[INFO] [stderr]    Compiling cc v1.0.70
[INFO] [stderr]     Checking lock_api v0.3.4
[INFO] [stderr]    Compiling num-traits v0.2.14
[INFO] [stderr]    Compiling convert_case v0.4.0
[INFO] [stderr]     Checking ppv-lite86 v0.2.15
[INFO] [stderr]    Compiling quote v1.0.9
[INFO] [stderr]     Checking rand v0.4.6
[INFO] [stderr]    Compiling syn v1.0.75
[INFO] [stderr]     Checking net2 v0.2.38
[INFO] [stderr]     Checking getrandom v0.2.3
[INFO] [stderr]     Checking iovec v0.1.4
[INFO] [stderr]     Checking mio v0.6.23
[INFO] [stderr]     Checking rand_core v0.6.3
[INFO] [stderr]     Checking num-complex v0.1.43
[INFO] [stderr]     Checking signal-hook-registry v1.4.1
[INFO] [stderr]     Checking num-bigint v0.1.44
[INFO] [stderr]     Checking parking_lot_core v0.7.3
[INFO] [stderr]    Compiling libloading v0.5.2
[INFO] [stderr]     Checking rand_chacha v0.3.1
[INFO] [stderr]     Checking parking_lot v0.10.2
[INFO] [stderr]     Checking atty v0.2.14
[INFO] [stderr]     Checking crossbeam-channel v0.5.1
[INFO] [stderr]     Checking libloading v0.7.0
[INFO] [stderr]     Checking signal-hook v0.1.17
[INFO] [stderr]     Checking gen-iter v0.2.0
[INFO] [stderr]     Checking colored v2.0.0
[INFO] [stderr]     Checking rand v0.8.4
[INFO] [stderr]     Checking crossterm v0.16.0
[INFO] [stderr]     Checking kdmapi v0.1.0 (https://github.com/arduano/kdmapi#a8013ddd)
[INFO] [stderr]     Checking num-rational v0.1.42
[INFO] [stderr]     Checking wfd v0.1.7
[INFO] [stderr]     Checking spin_sleep v1.0.0 (https://github.com/alexheretic/spin-sleep#a68f8a88)
[INFO] [stdout] error[E0433]: failed to resolve: could not find `windows` in `os`
[INFO] [stdout]  --> /opt/rustwide/cargo-home/registry/src/index.crates.io-6f17d22bba15001f/wfd-0.1.7/src/lib.rs:8:14
[INFO] [stdout]   |
[INFO] [stdout] 8 | use std::os::windows::ffi::OsStringExt;
[INFO] [stdout]   |              ^^^^^^^ could not find `windows` in `os`
[INFO] [stdout] 
[INFO] [stdout] 
[INFO] [stdout] error[E0432]: unresolved import `crate::winapi::Interface`
[INFO] [stdout]  --> /opt/rustwide/cargo-home/registry/src/index.crates.io-6f17d22bba15001f/wfd-0.1.7/src/lib.rs:5:5
[INFO] [stdout]   |
[INFO] [stdout] 5 | use crate::winapi::Interface;
[INFO] [stdout]   |     ^^^^^^^^^^^^^^^^^^^^^^^^ no `Interface` in the root
[INFO] [stdout] 
[INFO] [stdout] 
[INFO] [stdout] error[E0433]: failed to resolve: could not find `shared` in `winapi`
[INFO] [stdout]   --> /opt/rustwide/cargo-home/registry/src/index.crates.io-6f17d22bba15001f/wfd-0.1.7/src/lib.rs:16:5
[INFO] [stdout]    |
[INFO] [stdout] 16 |     shared::{
[INFO] [stdout]    |     ^^^^^^ could not find `shared` in `winapi`
[INFO] [stdout] 
[INFO] [stdout] 
[INFO] [stdout] error[E0433]: failed to resolve: could not find `um` in `winapi`
[INFO] [stdout]   --> /opt/rustwide/cargo-home/registry/src/index.crates.io-6f17d22bba15001f/wfd-0.1.7/src/lib.rs:21:5
[INFO] [stdout]    |
[INFO] [stdout] 21 |     um:: {
[INFO] [stdout]    |     ^^ could not find `um` in `winapi`
[INFO] [stdout] 
[INFO] [stdout] 
[INFO] [stdout] error[E0433]: failed to resolve: could not find `um` in `winapi`
[INFO] [stdout]   --> /opt/rustwide/cargo-home/registry/src/index.crates.io-6f17d22bba15001f/wfd-0.1.7/src/lib.rs:31:17
[INFO] [stdout]    |
[INFO] [stdout] 31 | pub use winapi::um::shobjidl::{
[INFO] [stdout]    |                 ^^ could not find `um` in `winapi`
[INFO] [stdout] 
[INFO] [stdout] 
[INFO] [stdout] error[E0433]: failed to resolve: could not find `shared` in `winapi`
[INFO] [stdout]   --> /opt/rustwide/cargo-home/registry/src/index.crates.io-6f17d22bba15001f/wfd-0.1.7/src/lib.rs:39:17
[INFO] [stdout]    |
[INFO] [stdout] 39 | pub use winapi::shared::windef::HWND;
[INFO] [stdout]    |                 ^^^^^^ could not find `shared` in `winapi`
[INFO] [stdout] 
[INFO] [stdout] 
[INFO] [stdout] error[E0432]: unresolved import `winapi::ctypes`
[INFO] [stdout]   --> /opt/rustwide/cargo-home/registry/src/index.crates.io-6f17d22bba15001f/wfd-0.1.7/src/lib.rs:15:5
[INFO] [stdout]    |
[INFO] [stdout] 15 |     ctypes::c_void,
[INFO] [stdout]    |     ^^^^^^ could not find `ctypes` in `winapi`
[INFO] [stdout] 
[INFO] [stdout] 
[INFO] [stdout] error[E0599]: no function or associated item named `from_wide` found for struct `OsString` in the current scope
[INFO] [stdout]    --> /opt/rustwide/cargo-home/registry/src/index.crates.io-6f17d22bba15001f/wfd-0.1.7/src/lib.rs:515:28
[INFO] [stdout]     |
[INFO] [stdout] 515 |     let result = OsString::from_wide(slice);
[INFO] [stdout]     |                            ^^^^^^^^^ function or associated item not found in `OsString`
[INFO] [stdout] 
[INFO] [stdout] 
[INFO] [stdout] error: aborting due to 8 previous errors
[INFO] [stdout] 
[INFO] [stdout] 
[INFO] [stdout] Some errors have detailed explanations: E0432, E0433, E0599.
[INFO] [stdout] 
[INFO] [stdout] For more information about an error, try `rustc --explain E0432`.
[INFO] [stdout] 
[INFO] [stderr] error: could not compile `wfd` (lib) due to 9 previous errors
[INFO] [stderr] warning: build failed, waiting for other jobs to finish...
[INFO] running `Command { std: "docker" "inspect" "648cb3c5cd795a4a7128bc7ca7927707b427868d5381b22422ea1e8d4c8531cc", kill_on_drop: false }`
[INFO] running `Command { std: "docker" "rm" "-f" "648cb3c5cd795a4a7128bc7ca7927707b427868d5381b22422ea1e8d4c8531cc", kill_on_drop: false }`
[INFO] [stdout] 648cb3c5cd795a4a7128bc7ca7927707b427868d5381b22422ea1e8d4c8531cc
